{"id":14,"date":"2015-01-07T11:21:26","date_gmt":"2015-01-07T10:21:26","guid":{"rendered":"https:\/\/ssm-stahl.de\/cms\/?page_id=14"},"modified":"2017-11-21T12:31:30","modified_gmt":"2017-11-21T11:31:30","slug":"start","status":"publish","type":"page","link":"https:\/\/ssm-stahl.de\/cms\/?lang=de","title":{"rendered":"Start"},"content":{"rendered":"<h3>Herzlich Willkommen bei der SSM GmbH<\/h3>\n<div class=\"entry-content clearfix\">\n<p>Unser Unternehmen ist\u00a0in verschiedenen Bereichen des Stahlbaus t\u00e4tig. Wir fertigen systematisch nach Ihren individuellen Vorgaben. Dabei sind wir nicht nur zu Land, sondern auch f\u00fcr die Offshore-Industrie t\u00e4tig.<\/p>\n<p>Unser Kundenkreis (National wie International) umfasst viele Branchen der Investitionsg\u00fcterindustrie. Entsprechend breit ist unser Teilespektrum, von gro\u00dfen Tr\u00e4ger- und Maschinenrahmen bis hin zu komplexen Baugruppen. Unser Unternehmen befindet sich auf Wachstumskurs, aktuell planen wir den Neubau einer weiteren Fertigungshalle, um den gestiegenen Kundenanforderungen gerecht zu werden.<\/p>\n<p>Unser Haus besitzt die Herstellerqualifikation zum Schwei\u00dfen von Stahlbauten nach DIN 18800 Teil 7 Klasse E. Unser Team aus hoch qualifizierten Mitarbeitern ist darauf bedacht, Ihnen die bestm\u00f6gliche Qualit\u00e4t f\u00fcr Ihre individuellen Anforderungen zu bieten.<\/p>\n<\/div>\n","protected":false},"excerpt":{"rendered":"<p>Herzlich Willkommen bei der SSM GmbH Unser Unternehmen ist\u00a0in verschiedenen Bereichen des Stahlbaus t\u00e4tig. Wir fertigen systematisch nach Ihren individuellen Vorgaben. Dabei sind wir nicht nur zu Land, sondern auch f\u00fcr die Offshore-Industrie t\u00e4tig. Unser Kundenkreis (National wie International) umfasst<a class=\"more-link\" href=\"https:\/\/ssm-stahl.de\/cms\/?lang=de\"><span>Weiterlesen&#8230;<\/span><\/a><\/p>\n","protected":false},"author":1,"featured_media":0,"parent":0,"menu_order":8,"comment_status":"closed","ping_status":"closed","template":"","meta":{"footnotes":""},"class_list":["post-14","page","type-page","status-publish","hentry"],"aioseo_notices":[],"_links":{"self":[{"href":"https:\/\/ssm-stahl.de\/cms\/index.php?rest_route=\/wp\/v2\/pages\/14","targetHints":{"allow":["GET"]}}],"collection":[{"href":"https:\/\/ssm-stahl.de\/cms\/index.php?rest_route=\/wp\/v2\/pages"}],"about":[{"href":"https:\/\/ssm-stahl.de\/cms\/index.php?rest_route=\/wp\/v2\/types\/page"}],"author":[{"embeddable":true,"href":"https:\/\/ssm-stahl.de\/cms\/index.php?rest_route=\/wp\/v2\/users\/1"}],"replies":[{"embeddable":true,"href":"https:\/\/ssm-stahl.de\/cms\/index.php?rest_route=%2Fwp%2Fv2%2Fcomments&post=14"}],"version-history":[{"count":4,"href":"https:\/\/ssm-stahl.de\/cms\/index.php?rest_route=\/wp\/v2\/pages\/14\/revisions"}],"predecessor-version":[{"id":1118,"href":"https:\/\/ssm-stahl.de\/cms\/index.php?rest_route=\/wp\/v2\/pages\/14\/revisions\/1118"}],"wp:attachment":[{"href":"https:\/\/ssm-stahl.de\/cms\/index.php?rest_route=%2Fwp%2Fv2%2Fmedia&parent=14"}],"curies":[{"name":"wp","href":"https:\/\/api.w.org\/{rel}","templated":true}]}}