{"id":248,"date":"2015-01-13T12:49:57","date_gmt":"2015-01-13T11:49:57","guid":{"rendered":"https:\/\/ssm-stahl.de\/cms\/?page_id=248"},"modified":"2020-08-11T19:26:56","modified_gmt":"2020-08-11T18:26:56","slug":"zulassungen","status":"publish","type":"page","link":"https:\/\/ssm-stahl.de\/cms\/?page_id=248","title":{"rendered":"Zulassungen"},"content":{"rendered":"<p><strong>Unsere Zulassungen und Bef\u00e4higungsnachweise<\/strong><\/p>\n<p>Zertifikat der Konformit\u00e4t der Werkseigenen Produktionskontrolle (WPK) Bauteile f\u00fcr Stahltragwerke<br \/>\nZA.3.2 bis ZA.3.5 nach EN 1090-1 :2009+A 1 :2011 \/ <img loading=\"lazy\" decoding=\"async\" class=\"alignnone size-full wp-image-864\" src=\"https:\/\/ssm-stahl.de\/cms\/wp-content\/uploads\/2016\/02\/pdf.png\" alt=\"\" width=\"32\" height=\"16\" \/><a href=\"https:\/\/ssm-stahl.de\/cms\/wp-content\/uploads\/2020\/01\/WPK-Stahl-202001.pdf\" target=\"_blank\" rel=\"noopener noreferrer\">PDF hier<\/a><\/p>\n<p>Zertifikat der Konformit\u00e4t der Werkseigenen Produktionskontrolle (WPK) Bauteile f\u00fcr Aluminiumtragwerke<br \/>\nZA.3.2 bis ZA.3.5 nach EN 1090-1 :2009+A 1 :2011 \/ <img loading=\"lazy\" decoding=\"async\" class=\"alignnone size-full wp-image-864\" src=\"https:\/\/ssm-stahl.de\/cms\/wp-content\/uploads\/2016\/02\/pdf.png\" alt=\"\" width=\"32\" height=\"16\" \/><a href=\"https:\/\/ssm-stahl.de\/cms\/wp-content\/uploads\/2020\/01\/WPK-Alu-202001.pdf\" target=\"_blank\" rel=\"noopener noreferrer\">PDF hier<\/a><\/p>\n<p>Fertigung in den Bereichen strukturierter Stahl- und Maschinenbau und Schweisstechnik<br \/>\nDIN EN ISO 9001:2015 \/<a href=\"https:\/\/ssm-stahl.de\/cms\/wp-content\/uploads\/2020\/01\/ISO-9001_2015.pdf\" target=\"_blank\" rel=\"noopener noreferrer\"><img loading=\"lazy\" decoding=\"async\" class=\"alignnone size-full wp-image-864\" src=\"https:\/\/ssm-stahl.de\/cms\/wp-content\/uploads\/2016\/02\/pdf.png\" alt=\"pdf\" width=\"32\" height=\"16\" \/>PDF hier<\/a><\/p>\n<p>Schwei\u00dfzertifikat nach DIN EN ISO 1090-2<br \/>\nNB2276-CPR-1090-2-023\/14- 03 \/<a href=\"https:\/\/ssm-stahl.de\/cms\/wp-content\/uploads\/2020\/01\/Schwei\u00dfzertifikat202001.pdf\" target=\"_blank\" rel=\"noopener noreferrer\"><img loading=\"lazy\" decoding=\"async\" class=\"alignnone size-full wp-image-864\" src=\"https:\/\/ssm-stahl.de\/cms\/wp-content\/uploads\/2016\/02\/pdf.png\" alt=\"pdf\" width=\"32\" height=\"16\" \/>PDF hier<\/a><\/p>\n<p>Durchf\u00fchrung von Schwei\u00dfpr\u00fcfungen nach DIN EN ISO 1090-2<br \/>\nNB2276-CPR-1090-2-023\/14<a href=\"https:\/\/ssm-stahl.de\/cms\/wp-content\/uploads\/2020\/01\/Schwei\u00dferpr\u00fcfungen202001.pdf\" target=\"_blank\" rel=\"noopener noreferrer\"><img loading=\"lazy\" decoding=\"async\" class=\"alignnone size-full wp-image-864\" src=\"https:\/\/ssm-stahl.de\/cms\/wp-content\/uploads\/2016\/02\/pdf.png\" alt=\"pdf\" width=\"32\" height=\"16\" \/>PDF hier<\/a><\/p>\n<p>Best\u00e4tigung zur Verl\u00e4ngerung der G\u00fcltigkeit des Zertifikates<br \/>\nnach DIN EN 1090-1 :2012-02, Anhang B \/ <img loading=\"lazy\" decoding=\"async\" class=\"alignnone size-full wp-image-864\" src=\"https:\/\/ssm-stahl.de\/cms\/wp-content\/uploads\/2016\/02\/pdf.png\" alt=\"\" width=\"32\" height=\"16\" \/><a href=\"https:\/\/ssm-stahl.de\/cms\/wp-content\/uploads\/2020\/08\/Verl\u00e4ngerung-DIN-1090-1.pdf\" target=\"_blank\" rel=\"noopener noreferrer\">PDF hier<\/a><\/p>\n<p><code><\/code><\/p>\n","protected":false},"excerpt":{"rendered":"<p>Unsere Zulassungen und Bef\u00e4higungsnachweise Zertifikat der Konformit\u00e4t der Werkseigenen Produktionskontrolle (WPK) Bauteile f\u00fcr Stahltragwerke ZA.3.2 bis ZA.3.5 nach EN 1090-1 :2009+A 1 :2011 \/ PDF hier Zertifikat der Konformit\u00e4t der Werkseigenen Produktionskontrolle (WPK) Bauteile f\u00fcr Aluminiumtragwerke ZA.3.2 bis ZA.3.5 nach<a class=\"more-link\" href=\"https:\/\/ssm-stahl.de\/cms\/?page_id=248\"><span>Weiterlesen&#8230;<\/span><\/a><\/p>\n","protected":false},"author":1,"featured_media":0,"parent":0,"menu_order":10,"comment_status":"closed","ping_status":"closed","template":"","meta":{"footnotes":""},"class_list":["post-248","page","type-page","status-publish","hentry"],"aioseo_notices":[],"_links":{"self":[{"href":"https:\/\/ssm-stahl.de\/cms\/index.php?rest_route=\/wp\/v2\/pages\/248","targetHints":{"allow":["GET"]}}],"collection":[{"href":"https:\/\/ssm-stahl.de\/cms\/index.php?rest_route=\/wp\/v2\/pages"}],"about":[{"href":"https:\/\/ssm-stahl.de\/cms\/index.php?rest_route=\/wp\/v2\/types\/page"}],"author":[{"embeddable":true,"href":"https:\/\/ssm-stahl.de\/cms\/index.php?rest_route=\/wp\/v2\/users\/1"}],"replies":[{"embeddable":true,"href":"https:\/\/ssm-stahl.de\/cms\/index.php?rest_route=%2Fwp%2Fv2%2Fcomments&post=248"}],"version-history":[{"count":17,"href":"https:\/\/ssm-stahl.de\/cms\/index.php?rest_route=\/wp\/v2\/pages\/248\/revisions"}],"predecessor-version":[{"id":1116,"href":"https:\/\/ssm-stahl.de\/cms\/index.php?rest_route=\/wp\/v2\/pages\/248\/revisions\/1116"}],"wp:attachment":[{"href":"https:\/\/ssm-stahl.de\/cms\/index.php?rest_route=%2Fwp%2Fv2%2Fmedia&parent=248"}],"curies":[{"name":"wp","href":"https:\/\/api.w.org\/{rel}","templated":true}]}}